remainder when 7646117 is divided by 37.
30
What is the remainder when 728868 is divided by 133?
28
Calculate the remainder when 382038848 is divided by 2113.
2109
Calculate the remainder when 851832 is divided by 68.
64
What is the remainder when 10679559 is divided by 5339761?
37
What is the remainder when 23012650 is divided by 3589?
3571
Calculate the remainder when 1050514 is divided by 186.
172
Calculate the remainder when 42659 is divided by 5828.
1863
What is the remainder when 577938 is divided by 5603?
829
What is the remainder when 212112 is divided by 130?
82
Calculate the remainder when 291895 is divided by 2118.
1729
What is the remainder when 649897964 is divided by 4951?
4949
What is the remainder when 21110622 is divided by 178903?
68
Calculate the remainder when 572864 is divided by 2983.
128
Calculate the remainder when 74304047 is divided by 56.
55
Calculate the remainder when 225488330 is divided by 75162771.
17
Calculate the remainder when 41324295 is divided by 10703.
12
Calculate the remainder when 164317552 is divided by 2514.
2512
What is the remainder when 639871 is divided by 32?
31
What is the remainder when 187992 is divided by 20885?
27
Calculate the remainder when 27698873 is divided by 428.
425
Calculate the remainder when 68766645 is divided by 481.
480
What is the remainder when 3887817 is divided by 1943877?
63
What is the remainder when 58632 is divided by 11696?
152
Calculate the remainder when 19445301 is divided by 552.
549
What is the remainder when 967874 is divided by 5?
4
Calculate the remainder when 1438269 is divided by 72.
69
What is the remainder when 69342873 is divided by 11536?
11513
Calculate the remainder when 715336 is divided by 526.
502
What is the remainder when 154245740 is divided by 159?
158
What is the remainder when 2761214 is divided by 443?
438
Calculate the remainder when 69778 is divided by 3667.
105
Calculate the remainder when 6143758 is divided by 504.
502
Calculate the remainder when 403844 is divided by 26922.
14
What is the remainder when 7818 is divided by 2004?
1806
What is the remainder when 91516 is divided by 1411?
1212
Calculate the remainder when 211895 is divided by 210655.
1240
Calculate the remainder when 30438976 is divided by 322.
316
Calculate the remainder when 2607720 is divided by 289734.
114
What is the remainder when 25783444 is divided by 1267?
1261
What is the remainder when 12801542 is divided by 11897?
370
What is the remainder when 53422346 is divided by 4?
2
What is the remainder when 71592658 is divided by 433?
5
What is the remainder when 1329094 is divided by 4578?
1474
What is the remainder when 2486443 is divided by 1400?
43
Calculate the remainder when 35212 is divided by 47.
9
Calculate the remainder when 355875 is divided by 44214.
2163
Calculate the remainder when 40591439 is divided by 30.
29
Calculate the remainder when 241134 is divided by 1247.
463
Calculate the remainder when 152416 is divided by 3766.
1776
What is the remainder when 77943 is divided by 4102?
5
Calculate the remainder when 715287 is divided by 2616.
1119
What is the remainder when 106510 is divided by 94?
8
What is the remainder when 9347948 is divided by 2998?
184
Calculate the remainder when 30651409 is divided by 355.
354
Calculate the remainder when 9237445 is divided by 9237421.
24
What is the remainder when 2222634 is divided by 1065?
1044
What is the remainder when 752347 is divided by 168?
43
What is the remainder when 661538 is divided by 2625?
38
What is the remainder when 30577581 is divided by 2753?
10
Calculate the remainder when 15682 is divided by 14440.
1242
What is the remainder when 638440 is divided by 29020?
0
What is the remainder when 247527 is divided by 964?
743
What is the remainder when 14693929 is divided by 1166?
1163
Calculate the remainder when 125574312 is divided by 6168.
0
What is the remainder when 12944 is divided by 225?
119
Calculate the remainder when 316369 is divided by 16648.
57
What is the remainder when 492522 is divided by 122818?
1250
Calculate the remainder when 1406302 is divided by 45364.
18
Calculate the remainder when 1885173 is divided by 7.
3
What is the remainder when 8480233 is divided by 19?
1
Calculate the remainder when 596740 is divided by 149156.
116
What is the remainder when 3206582 is divided by 154?
148
What is the remainder when 9796956 is divided by 3265615?
111
What is the remainder when 23003208 is divided by 705?
468
What is the remainder when 32677966 is divided by 55?
46
Calculate the remainder when 57585 is divided by 1692.
57
Calculate the remainder when 438060 is divided by 107112.
9612
Calculate the remainder when 739459 is divided by 442.
435
What is the remainder when 88779 is divided by 2562?
1671
What is the remainder when 6774343 is divided by 954?
943
What is the remainder when 744766 is divided by 503?
326
What is the remainder when 910002 is divided by 530?
522
What is the remainder when 129795623 is divided by 592674?
17
What is the remainder when 814535173 is divided by 8985?
8983
Calculate the remainder when 1223006 is divided by 407558.
332
What is the remainder when 25082 is divided by 1370?
422
What is the remainder when 11459455 is divided by 11459444?
11
Calculate the remainder when 1584516 is divided by 15533.
150
What is the remainder when 261143 is divided by 52198?
153
What is the remainder when 14691 is divided by 3657?
63
Calculate the remainder when 154484 is divided by 2059.
59
Calculate the remainder when 26442544 is divided by 98.
86
What is the remainder when 103656 is divided by 3695?
196
What is the remainder when 31328 is divided by 4408?
472
Calculate the remainder when 1477985305 is divided by 452.
449
Calculate the remainder when 176056153 is divided by 45.
43
What is the remainder when 335749 is divided by 79?
78
What is the remainder when 546907 is divided by 1725?
82
What is the remainder when 1555707 is divided by 2897?
18
What is the remainder when 164145 is divided by 40773?
1053
Calculate the remainder when 69529057 is divided by 2172783.
1
Calculate the remainder when 1824168 is divided by 101322.
372
Calculate the remainder when 406085 is divided by 2637.
2624
Calculate the remainder when 7748452 is divided by 1937103.
40
What is the remainder when 8396259 is divided by 2798752?
3
What is the remainder when 1178160 is divided by 2119?
2115
What is the remainder when 9418987 is divided by 3139624?
115
What is the remainder when 1445358 is divided by 21?
12
What is the remainder when 228401 is divided by 28460?
721
Calculate the remainder when 3900450 is divided by 1300111.
117
Calculate the remainder when 326115 is divided by 40757.
59
What is the remainder when 12579173 is divided by 16?
5
Calculate the remainder when 39397872 is divided by 1459179.
39
What is the remainder when 5730757 is divided by 1910249?
10
Calculate the remainder when 7919129 is divided by 1823.
17
Calculate the remainder when 95224 is divided by 493.
75
Calculate the remainder when 1151560 is divided by 340.
320
What is the remainder when 5534803 is divided by 250?
53
What is the remainder when 251781 is divided by 972?
33
What is the remainder when 3881474 is divided by 970244?
498
What is the remainder when 115831 is divided by 79?
17
What is the remainder when 3611709 is divided by 78?
75
Calculate the remainder when 4444895 is divided by 897.
260
What is the remainder when 824926 is divided by 15855?
466
What is the remainder when 1174147 is divided by 366?
19
What is the remainder when 419058 is divided by 272?
178
What is the remainder when 15374 is divided by 2894?
904
What is the remainder when 4992501 is divided by 33?
30
Calculate the remainder when 9189496 is divided by 32.
24
What is the remainder when 1164291 is divided by 149?
5
What is the remainder when 35851 is divided by 32?
11
What is the remainder when 250333 is divided by 4321?
4036
Calculate the remainder when 45371 is divided by 22659.
53
What is the remainder when 301734 is divided by 192?
102
What is the remainder when 22749 is divided by 22650?
99
Calculate the remainder when 4171488 is divided by 834279.
93
Calculate the remainder when 1575039 is divided by 618.
375
Calculate the remainder when 48293